 of 869?
True
Is 4622 a multiple of 21?
False
Is 8 a factor of 21676?
False
Is 3 a factor of 2781?
True
Is 1577 a multiple of 7?
False
Is 11 a factor of 769?
False
Is 8 a multiple of 2?
True
Is 133 a factor of 2648?
False
Is 570 a multiple of 10?
True
Does 66 divide 14644?
False
Is 12 a factor of 2244?
True
Does 10 divide 85380?
True
Does 4 divide 222?
False
Is 99 a factor of 113454?
True
Is 2480 a multiple of 62?
True
Is 25916 a multiple of 11?
True
Is 202 a factor of 18773?
False
Does 12 divide 613?
False
Is 82 a factor of 3280?
True
Is 17802 a multiple of 69?
True
Is 21550 a multiple of 23?
False
Is 288 a multiple of 24?
True
Is 364 a multiple of 91?
True
Is 34 a factor of 37979?
False
Does 16 divide 2948?
False
Does 7 divide 329?
True
Is 11 a factor of 30382?
True
Is 37061 a multiple of 44?
False
Is 25 a factor of 146047?
False
Is 2861 a multiple of 10?
False
Does 25 divide 21200?
True
Is 885 a multiple of 5?
True
Does 14 divide 9240?
True
Is 1530 a multiple of 30?
True
Does 13 divide 1287?
True
Does 39 divide 1104?
False
Is 141 a multiple of 13?
False
Does 4 divide 227?
False
Is 1056 a multiple of 27?
False
Is 56 a factor of 4592?
True
Is 2 a factor of 1204?
True
Is 5 a factor of 8869?
False
Is 39 a factor of 546?
True
Is 8 a factor of 936?
True
Is 422 a multiple of 135?
False
Is 2 a factor of 629?
False
Is 3654 a multiple of 30?
False
Is 23 a factor of 49979?
True
Is 3376 a multiple of 16?
True
Is 241 a multiple of 23?
False
Is 32 a multiple of 4?
True
Is 1062 even?
True
Is 175 a factor of 4550?
True
Is 11 a factor of 1903?
True
Is 11 a factor of 14982?
True
Does 279 divide 37107?
True
Does 3 divide 153?
True
Is 2240 a multiple of 10?
True
Does 10 divide 1729?
False
Does 16 divide 320?
True
Is 540 a multiple of 18?
True
Is 38 a factor of 446?
False
Does 41 divide 39114?
True
Is 18 a factor of 3522?
False
Is 1548 a multiple of 36?
True
Is 2377 a multiple of 5?
False
Is 2898 a multiple of 46?
True
Is 15228 a multiple of 3?
True
Does 15 divide 58652?
False
Is 13 a factor of 39?
True
Is 957 a multiple of 87?
True
Is 34 a factor of 12812?
False
Does 2 divide 271?
False
Is 76 a factor of 20292?
True
Is 597 a multiple of 4?
False
Does 8 divide 288?
True
Does 22 divide 15508?
False
Is 139 a factor of 5414?
False
Does 6 divide 745?
False
Is 50 a factor of 650?
True
Is 16 a factor of 8016?
True
Is 10744 a multiple of 7?
False
Does 28 divide 106764?
True
Does 86 divide 32422?
True
Is 11642 a multiple of 91?
False
Is 7099 a multiple of 31?
True
Is 8 a factor of 1152?
True
Does 14 divide 28910?
True
Is 16 a factor of 2540?
False
Is 744 even?
True
Is 15 a factor of 1185?
True
Is 49 a factor of 90307?
True
Is 39 a factor of 3822?
True
Does 107 divide 14766?
True
Is 3036 a multiple of 11?
True
Does 10 divide 7743?
False
Is 5 a factor of 20836?
False
Does 28 divide 804?
False
Is 9 a factor of 765?
True
Does 122 divide 1830?
True
Does 45 divide 25830?
True
Is 46 a factor of 66792?
True
Does 13 divide 1278?
False
Does 53 divide 5459?
True
Is 420 a multiple of 12?
True
Is 52 a factor of 3478?
False
Does 11 divide 13750?
True
Is 39824 a multiple of 304?
True
Is 2 a factor of 18?
True
Does 4 divide 19894?
False
Is 15 a factor of 28380?
True
Is 312 a multiple of 24?
True
Is 9 a factor of 81?
True
Is 11 a factor of 3614?
False
Does 71 divide 2378?
False
Is 23 a factor of 92320?
False
Does 30 divide 5010?
True
Is 44 a factor of 9495?
False
Is 3 a factor of 686?
False
Is 12 a factor of 1298?
False
Is 17 a factor of 17?
True
Does 30 divide 69591?
False
Is 52980 a multiple of 38?
False
Is 39 a factor of 897?
True
Is 28 a factor of 1400?
True
Is 144 even?
True
Is 1728 a multiple of 64?
True
Does 9 divide 2311?
False
Is 504 a multiple of 18?
True
Is 13770 a multiple of 153?
True
Does 19 divide 19?
True
Is 146 a factor of 9354?
False
Is 40 a factor of 720?
True
Is 75 a multiple of 4?
False
Does 3 divide 255?
True
Is 594 a multiple of 33?
True
Does 9 divide 1386?
True
Does 128 divide 24064?
True
Is 30334 a multiple of 8?
False
Is 1440 a multiple of 12?
True
Is 550 a multiple of 14?
False
Is 205 a factor of 28700?
True
Does 3 divide 528?
True
Is 10 a factor of 1380?
True
Is 120 a multiple of 4?
True
Is 3168 a multiple of 12?
True
Is 543 a multiple of 17?
False
Is 3586 a multiple of 5?
False
Does 26 divide 2511?
False
Does 43 divide 124?
False
Is 48 a factor of 224?
False
Does 63 divide 5985?
True
Is 39446 a multiple of 197?
False
Is 720 a multiple of 12?
True
Does 14 divide 23293?
False
Is 219 a multiple of 9?
False
Is 58 a factor of 14268?
True
Does 4 divide 196?
True
Is 10 a factor of 457?
False
Is 1322 a multiple of 53?
False
Does 152 divide 9880?
True
Is 3749 a multiple of 10?
False
Is 11 a factor of 5269?
True
Does 12 divide 768?
True
Is 3811 a multiple of 26?
False
Does 63 divide 630?
True
Is 2608 a multiple of 8?
True
Does 117 divide 7722?
True
Does 94 divide 4042?
True
Does 12 divide 247?
False
Is 8004 a multiple of 69?
True
Is 20231 a multiple of 78?
False
Does 2 divide 84?
True
Does 17 divide 40046?
False
Is 11 a factor of 6518?
False
Is 87 a factor of 2610?
True
Does 43 divide 86?
True
Does 11 divide 20372?
True
Is 19 a factor of 40858?
False
Is 258 a multiple of 5?
False
Is 108 a factor of 5616?
True
Is 10825 a multiple of 5?
True
Does 129 divide 9388?
False
Does 41 divide 11300?
False
Does 58 divide 21576?
True
Does 21 divide 210?
True
Is 64 a factor of 57363?
False
Is 1137 a multiple of 35?
False
Does 14 divide 238?
True
Is 744 a multiple of 8?
True
Does 33 divide 9693?
False
Does 68 divide 1716?
False
Is 65 a factor of 845?
True
Does 2 divide 145?
False
Is 1281 a multiple of 33?
False
Is 14 a factor of 560?
True
Is 4048 a multiple of 8?
True
Does 12 divide 1046?
False
Is 1343 a multiple of 10?
False
Does 88 divide 31202?
False
Is 15 a factor of 72315?
True
Is 42 a factor of 12221?
False
Is 85 a multiple of 5?
True
Does 21 divide 3234?
True
Is 13 a factor of 535?
False
Is 42 a factor of 22722?
True
Does 20 divide 6920?
True
Is 140 a multiple of 14?
True
Is 2165 a multiple of 68?
False
Does 22 divide 1551?
False
Is 5844 a multiple of 4?
True
Does 91 divide 21112?
True
Does 25 divide 800?
True
Does 25 divide 375?
True
Is 54 a factor of 7830?
True
Does 4 divide 224?
True
Is 727 a multiple of 4?
False
Is 5 a factor of 447?
False
Is 2244 a multiple of 66?
True
Is 154 a factor of 41118?
True
Is 428 a multiple of 5?
False
Is 136 a factor of 4922?
False
Does 216 divide 43057?
False
Does 2 divide 218?
True
Does 13 divide 2669?
False
Does 65 divide 606?
False
Is 4715 a multiple of 23?
True
Is 16775 a multiple of 11?
True
Does 187 divide 9450?
False
Is 22 a factor of 6908?
True
Is 25925 a multiple of 17?
True
Does 7 divide 46359?
False
Is 51396 a multiple of 12?
True
Is 25 a factor of 25?
True
Does 3 divide 6518?
False
Does 3 divide 291?
True
Is 57 a multiple of 4?
False
Is 5 a factor of 300?
True
Does 2 divide 153?
False
Is 12299 a multiple of 21?
False
Is 608 a multiple of 38?
True
Is 11 a factor of 443?
False
Is 1134 a multiple of 7?
True
Is 775 a multiple of 4?
False
Is 771 a multiple of 28?
False
Does 100 divide 52600?
True
Is 8 a factor of 12482?
False
Is 1183 a multiple of 3?
False
Does 48 divide 145?
False
Does 31 divide 9052?
True
Does 4 divide 8039?
False
Is 1760 a multiple of 44?
True
Does 11 divide 51?
False
Is 468 a multiple of 27?
False
Does 116 divide 70412?
True
Is 6716 a multiple of 28?
False
Is 18195 a multiple of 122?
False
Is 25 a factor of 1025?
True
Is 2351 a multiple of 19?
False
Is 45 a multiple of 45?
True
Is 203 a multiple of 3?
False
Is 6726 a multiple of 57?
True
Does 7 divide 565?
False
Does 90 divide 31896?
False
Does 118 divide 924?
False
Is 26 a factor of 91540?
False
Does 4 divide 47?
False
Is 20837 a multiple of 136?
False
Is 16 a factor of 336?
True
Does 38 divide 1111?
False
Does 14 divide 1498?
True
Is 58 a factor of 711?
False
Is 7 a factor of 4747?
False
Does 7 divide 69?
False
Does 353 divide 77660?
True
Does 6 divide 2220?
True
Does 57 divide 911?
False
Is 54 a factor of 864?
True
Is 24 a factor of 35088?
True
Is 1276 a multiple of 27?
False
Does 34 divide 7542?
False
Is 17 a factor of 374?
True
Is 88619 a multiple of 35?
False
Is 20422 a multiple of 71?
False
Does 38 divide 1064?
True
Does 30 divide 34290?
True
Is 69 a f